ded by m(-24).
14
Let l = -472 + 568. Calculate the remainder when l is divided by 20.
16
Let v(y) = -3*y - 54. Suppose 126 - 46 = 5*u + 5*c, 5*c + 5 = 0. What is the remainder when u is divided by v(-21)?
8
Let r(t) = 4*t**2 - 23*t + 63. Calculate the remainder when r(13) is divided by 17.
15
Suppose -k + 5*y = -5*k + 39, 3*k - 3*y - 63 = 0. What is the remainder when (62*-1)/(4/(-6)) is divided by k?
13
Suppose -28*b + 26*b + 274 = 0. What is the remainder when b is divided by 32?
9
Suppose -d - 3*z + 8 + 2 = 0, -3*d + 5*z = -44. What is the remainder when 504 is divided by d?
10
Let n(a) = a**2 - 8*a - 3. Let o be n(9). Let d(h) be the third derivative of -h**4/24 + 3*h**3 - 2*h**2. What is the remainder when 47 is divided by d(o)?
11
Let f be (-7)/3 + 2 + (-215)/(-15). Suppose 6*l = f*l - 80. Calculate the remainder when l is divided by 7.
3
Let f(s) = -s**2 + s + 3. Let h be f(0). Suppose p - 2*p - 46 = -4*j, -h*j = 2*p - 40. Calculate the remainder when 16/36*3*15 is divided by j.
8
Suppose -242 = -8*q - 2. What is the remainder when q is divided by (-1)/(1/(-19)) + 1?
10
Let b be (-15)/(-10)*(-8)/(-3). Suppose 2 = q, -q = 5*i + b*q - 455. Let j(p) = 44*p - 505. What is the remainder when i is divided by j(12)?
20
Suppose 7 + 3 = 5*v. Suppose 4*m + h + 4 = 3*h, v*m + h = -6. Calculate the remainder when (23 - (-2 - m)) + 0 is divided by 8.
7
Calculate the remainder when 1449/28*((-74)/(-6) + 1) is divided by 9.
6
Let z be 13 - (0 - -1)*0. Let r = z + -11. Suppose y = -2, -4*y = r*p - 5*y - 30. What is the remainder when 41 is divided by p?
13
Suppose -25 = -f - 4*i, 3*f = 2*f - i + 13. Let l(w) = -w**2 - w + 5. Let y be l(0). Suppose 156 = y*n + 26. Calculate the remainder when n is divided by f.
8
Suppose 80 = 6*i + 26. Let w = 6 - 0. Calculate the remainder when i is divided by w.
3
Let d(f) = 2*f**3 - 11*f**2 + 11*f - 7. Calculate the remainder when 114 is divided by d(5).
22
Let p(k) be the third derivative of -k**4/12 + 29*k**3/3 + 31*k**2. Calculate the remainder when 68 is divided by p(20).
14
Suppose -4*j - y = -6*y + 13, -j + 2*y - 7 = 0. Let a(f) = -48*f + 98*f + 8 - 51*f. Calculate the remainder when a(j) is divided by 4.
1
Let z(v) = 2*v**3 - v**2 - v - 1. Let m be 30/(28/20 + -1). Suppose 3*j = -2*j + m. What is the remainder when j is divided by z(2)?
6
Let a(h) = -h**2 - 31*h - 121. Calculate the remainder when a(-16) is divided by 41.
37
What is the remainder when 5 + (-16)/8 - -18 is divided by 2?
1
Suppose -4*a - 10 = -18. What is the remainder when 25 is divided by a?
1
Suppose 5*b - 84 = a, 10 = 2*a + 8. What is the remainder when 422 is divided by b?
14
Suppose 5*y - 15 = 5. Let a(i) = -i**3 - 2*i**2 + 2*i - 1. Let m be a(y). Let g = m - -152. Calculate the remainder when g is divided by 16.
15
Suppose -5*f = f. Suppose 15 = 2*u - f*t + t, -3*t = 4*u - 33. Suppose -3*s - 61 = -4*l, -2*l - 3*s + 55 = 20. Calculate the remainder when l is divided by u.
4
Let w be (6 - 30/4) + (-62)/4. Let n = 52 + w. What is the remainder when n is divided by 27/2*(-8)/(-6)?
17
Let t be 2/(-6) - 10/(-3). Suppose -q - t*q = 580. What is the remainder when (-18)/117 + q/(-13) is divided by 4?
3
Let j = -14 + 33. Let l(m) = j + 0*m + m - 2*m. Calculate the remainder when 74 is divided by l(0).
17
Suppose 0 = 60*c - 1091 - 2449. Calculate the remainder when 1060 is divided by c.
57
Let c(l) = l**3 - l**2 - 3*l - 13. Let x be c(-4). Let s = -44 - x. Calculate the remainder when 108 is divided by s.
34
Let o be 4 + 5872/(-56) + 1/(-7). Let x = o + 113. Let t = 82 + -35. What is the remainder when t is divided by x?
11
Let o = 437 + -406. Calculate the remainder when o is divided by 14.
3
Let c be 2 + (-6 - 0/3). Calculate the remainder when 804/15 - c/10 is divided by (-14)/(-3*(-4)/(-12)).
12
Let n(m) be the first derivative of m**4/4 - m**3 + 7*m + 23. What is the remainder when n(6) is divided by (-1 + 3)/(2/29)?
28
Let d(h) = 3*h**2 - 3*h + 9. What is the remainder when 340 is divided by d(-4)?
64
Let k(o) = o**2 - 5*o - 12. Let f be k(8). Suppose -50 - 34 = -f*r. What is the remainder when 9 is divided by r?
2
Suppose -116 = -5*t + 4*f - 13, 0 = -4*t - 5*f + 107. What is the remainder when 38 is divided by t?
15
What is the remainder when 147 is divided by 21539/391 - 4/46?
37
Suppose -3*u = 4*o - 93, -o + u + 15 = -u. Calculate the remainder when 77 is divided by o.
14
Let t = -1388 + 1392. Suppose 0 = 2*p - 12 - 0. What is the remainder when p is divided by t?
2
Let d = 117 - 5. Let y = 125 - d. Calculate the remainder when 90 is divided by y.
12
Suppose -12*j + 31*j - 3610 = 0. Calculate the remainder when j is divided by 16.
14
Let f(l) = -l**3 + 12*l**2 - 11*l + 15. Let p be f(11). Suppose -h + 215 = 5*t, 0 = 2*h + h - p. Calculate the remainder when t is divided by 16.
10
Suppose 270 = 5*m + 6*a - 7*a, -3*a - 270 = -5*m. What is the remainder when 104 is divided by m?
50
Let b(j) = -3*j**2 - 24*j + 5. Calculate the remainder when 12 is divided by b(-8).
2
Let p(h) be the first derivative of -h**3/3 - 3*h**2/2 + 3*h - 4. Let t be p(4). Let o = -6 - t. Calculate the remainder when o is divided by 7.
5
Let t(z) = -47*z - 264. Calculate the remainder when t(-9) is divided by 32.
31
Let u be (16/12)/(1/(-3)). Calculate the remainder when (2 - 0)/((-12)/(-366)) is divided by u/(-4 - -2) + 19.
19
Let o(z) = 5*z + 32. Let u be 9/6*(-88)/(-3). Let y = u - 26. Calculate the remainder when y is divided by o(-5).
4
Let n be (3/(-6) - 1)/(6/(-400)). Suppose 82 = 14*x - n. What is the remainder when x is divided by 5?
3
Suppose 0 = 3*c - d - 97, -3*d - 58 = -2*c + d. Suppose -4*i - 7 = -27, i = -5*u + 115. What is the remainder when c is divided by u?
11
Suppose 5*q - 4 = 6. Suppose 3 = q*b - 7. Suppose -b*v + 0 = -5. What is the remainder when 1 is divided by v?
0
Let n = 26 + -27. What is the remainder when (-2*n/3)/(8/252) is divided by 3?
0
Let b = -2162 + 2746. Calculate the remainder when b is divided by 65.
64
What is the remainder when 228 is divided by 92*((-33)/(-154) - 2/(-7))?
44
Suppose 8*c = 7*c. Suppose -4*o + 72 = 5*v - c, -3*o + 21 = v. Calculate the remainder when 30 is divided by v.
6
Suppose -2*o + 11 = 19, 0 = a - 5*o - 390. What is the remainder when a is divided by 64?
50
Suppose 17*w - 16039 = -26*w. Calculate the remainder when w is divided by 25.
23
Suppose 0 = -0*v + 3*v - t - 154, 206 = 4*v - 2*t. Let c = v - 13. Calculate the remainder when c is divided by 8.
6
Suppose 9 = -2*x - 15. Let y be x/(8/2) + 33. Let q = y + -17. Calculate the remainder when 64 is divided by q.
12
Suppose 0 = -5*j + 13 + 12. Suppose -j*t = -3*q + 94, -q + 18 = 6*t - t. Let u = -247 + 257. Calculate the remainder when q is divided by u.
8
Let a be -1 + -1 - 10/(-5). Suppose 9*l = 3*b + 10*l - 62, -l + 2 = a. What is the remainder when 37 is divided by b?
17
Suppose 5 = 3*m - 2*d, 0 = -2*m - 4*d + 1 - 3. Suppose 5*j - h - 62 = h, h + m = 0. What is the remainder when 44 is divided by j?
8
Calculate the remainder when 74 is divided by 16 - 8*(-5)/(-20).
4
Let i(c) = c - 3. Let t be i(9). Suppose -t*n = -0*n + 504. Let f = -26 - n. Calculate the remainder when f is divided by 15.
13
Suppose -114 = -3*c - 57. Let b = c + -16. Calculate the remainder when 11 is divided by b.
2
Let a = 132 - 90. Suppose 2*x - 24 = -2*x. Let m(u) = u + 5. What is the remainder when a is divided by m(x)?
9
Let m(d) = d**3 + 11*d**2 - 15*d + 20. Let x be m(-13). Let z = 191 + x. Calculate the remainder when z is divided by 26.
16
Suppose -3*j - 123 = -3*m, 5*m - 2*j = 317 - 109. Calculate the remainder when 151 is divided by m.
25
Suppose 3 = -p + 4, 2 = l - 2*p. Calculate the remainder when 25 is divided by 116/12 - (l/6)/1.
7
Suppose -168*l + 170*l - 14 = 0. Calculate the remainder when 46 is divided by l.
4
Suppose 19 = -6*t + 199. Let q be (-10)/(-1) + (-5 - -2). Suppose 2*a - q*a = -55. What is the remainder when t is divided by a?
8
Calculate the remainder when 471 is divided by 8/(-22) + (-2612)/(-44).
58
Suppose 8*u = 4*u + 60. Suppose o = -4*o + u. What is the remainder when (-28)/o*(-6)/4 is divided by 4?
2
Suppose 8 = 2*p - 0*p. Suppose 0 = u - p*u + 270. Let k = 857 + -834. What is the remainder when u is divided by k?
21
Suppose -4*k + 12 = 0, -30*